rue
Is 830490328 a multiple of 5266?
True
Is 205565413 a multiple of 31?
False
Is 27755922 a multiple of 2869?
False
Is 1602615083 a multiple of 145?
False
Does 1659 divide 627818211?
False
Does 19 divide 647552927?
True
Does 18 divide 11626452?
True
Is 72 a factor of 252957083?
False
Is 445 a factor of 44758100?
True
Is 2951949687 a multiple of 4839?
True
Is 3 a factor of 6029123?
False
Is 350789989 a multiple of 11?
True
Is 6 a factor of 892163753?
False
Does 40 divide 947203760?
True
Does 695 divide 30345785?
True
Is 629 a factor of 1440912351?
False
Is 4652121986 a multiple of 70?
False
Is 13 a factor of 2328285544?
True
Is 22 a factor of 1095561645?
False
Is 61 a factor of 545010600?
True
Does 123 divide 4047541844?
False
Does 129 divide 140616063?
True
Is 312 a factor of 11542081?
False
Does 423 divide 6130379?
False
Is 13 a factor of 87008811?
False
Does 7 divide 10377552?
False
Does 23 divide 66793461?
False
Is 22453661 a multiple of 22?
False
Is 1528 a factor of 362297968?
True
Does 9 divide 1493008?
False
Is 60 a factor of 173196675?
False
Is 164908007 a multiple of 36?
False
Is 4666 a factor of 3240813576?
False
Does 8011 divide 3569224643?
False
Is 18 a factor of 4932928?
False
Is 12885444 a multiple of 78?
True
Is 600500790 a multiple of 30?
True
Does 1049 divide 31153202?
True
Does 1172 divide 1611012448?
True
Is 22856732 a multiple of 272?
False
Does 56 divide 4962821024?
True
Is 226 a factor of 147678118?
True
Is 113074974 a multiple of 29?
False
Is 647235215 a multiple of 87?
False
Is 370 a factor of 6340690?
True
Is 1213 a factor of 76058739?
True
Does 1732 divide 12132660?
True
Is 62395170 a multiple of 248?
False
Does 10 divide 26700175?
False
Is 6 a factor of 109840441?
False
Is 47 a factor of 68690453?
True
Does 513 divide 79110756?
True
Is 21 a factor of 24926475?
True
Is 16530360 a multiple of 12?
True
Is 66505140 a multiple of 180?
True
Is 1463 a factor of 687337420?
False
Does 4 divide 26219312?
True
Does 1889 divide 52722906?
False
Is 1007300332 a multiple of 107?
False
Does 46 divide 79488216?
False
Does 148 divide 685114811?
False
Is 734 a factor of 132227164?
True
Does 20 divide 141123959?
False
Does 1021 divide 98974719?
True
Does 27 divide 1727359379?
False
Does 420 divide 1076551560?
True
Is 72991556 a multiple of 17?
False
Is 17 a factor of 48894122?
False
Is 210 a factor of 124055400?
True
Does 46 divide 11008168?
True
Is 453459465 a multiple of 113?
False
Does 45 divide 171464362?
False
Is 79317632 a multiple of 1375?
False
Is 10227372 a multiple of 587?
False
Does 63 divide 16976883?
False
Is 109602845 a multiple of 3230?
False
Does 14 divide 37796456?
False
Is 36309570 a multiple of 11?
True
Does 1755 divide 810742405?
False
Does 1046 divide 21177397?
False
Is 87988384 a multiple of 11?
True
Does 454 divide 2191004?
True
Is 102 a factor of 175044138?
True
Is 22 a factor of 1080997292?
False
Does 138 divide 297238103?
False
Is 6 a factor of 290927469?
False
Is 89951229 a multiple of 7?
False
Does 215 divide 76115?
False
Is 765642182 a multiple of 1736?
False
Is 17407230 a multiple of 15?
True
Does 13 divide 64591540?
True
Is 581755374 a multiple of 10?
False
Is 45252540 a multiple of 6?
True
Does 452 divide 32015612?
True
Does 475 divide 293544775?
True
Is 8 a factor of 19927531?
False
Is 159 a factor of 69099492?
True
Does 13 divide 218926656?
True
Is 799 a factor of 827414619?
False
Is 3 a factor of 1657113?
True
Is 912 a factor of 220063776?
True
Is 333331690 a multiple of 4583?
False
Is 53604732 a multiple of 6?
True
Is 1000669001 a multiple of 121?
False
Is 440 a factor of 60314149?
False
Is 22 a factor of 16858959?
False
Does 1135 divide 415804980?
True
Does 9 divide 682363854?
True
Does 3953 divide 427919963?
False
Does 22 divide 2301835?
False
Is 44551332 a multiple of 84?
True
Does 22 divide 1454503505?
False
Is 1416027985 a multiple of 235?
True
Is 2 a factor of 15953417?
False
Is 1065 a factor of 654561950?
False
Is 314527 a multiple of 147?
False
Is 44005206 a multiple of 726?
False
Does 28 divide 569047696?
True
Does 9 divide 58483744?
False
Is 194 a factor of 241394588?
True
Does 1195 divide 9126215?
True
Is 126138510 a multiple of 570?
False
Does 1419 divide 8301150?
True
Does 602 divide 135529464?
True
Is 6171129455 a multiple of 613?
False
Is 320 a factor of 92205120?
True
Does 117 divide 10293547?
False
Is 319 a factor of 676687377?
False
Is 3958536 a multiple of 228?
True
Is 24 a factor of 367733879?
False
Does 51 divide 500612193?
False
Does 2440 divide 712480?
True
Is 176436660 a multiple of 190?
True
Is 1328 a factor of 194894624?
True
Is 18920022 a multiple of 33?
True
Does 35 divide 316639340?
False
Does 2722 divide 3811770450?
False
Does 4287 divide 3289616589?
True
Is 8 a factor of 6878144?
True
Is 2289 a factor of 154192526?
False
Is 1125 a factor of 1130188152?
False
Is 139620080 a multiple of 284?
True
Does 65 divide 19412315?
True
Is 286 a factor of 174582122?
True
Is 3 a factor of 384042308?
False
Is 2332 a factor of 743350804?
False
Does 4 divide 1102476?
True
Is 35911748 a multiple of 49?
False
Is 439 a factor of 72153768?
False
Does 14 divide 3496738896?
True
Is 35 a factor of 94069600?
False
Is 10 a factor of 229391535?
False
Is 29566176 a multiple of 786?
True
Does 1429 divide 16785034?
True
Is 68347556 a multiple of 3236?
True
Is 933 a factor of 18557817?
False
Is 13159272 a multiple of 146?
True
Is 11 a factor of 118164992?
True
Does 1408 divide 24114078?
False
Is 371383200 a multiple of 120?
True
Is 27352634 a multiple of 37?
False
Is 2827219436 a multiple of 2776?
False
Is 74710384 a multiple of 56?
True
Does 3 divide 409952?
False
Is 487 a factor of 23235744?
True
Is 31856350 a multiple of 19?
True
Is 1199956032 a multiple of 396?
True
Is 3 a factor of 254209522?
False
Does 178 divide 2707477900?
True
Is 255646092 a multiple of 1385?
False
Does 95 divide 61383110?
True
Is 1471528063 a multiple of 29?
True
Is 61820165 a multiple of 39?
False
Does 323 divide 44045249?
True
Is 112615932 a multiple of 955?
False
Is 314 a factor of 94814812?
True
Is 37 a factor of 79460904?
True
Is 1801 a factor of 31337400?
True
Is 556 a factor of 15998900?
True
Is 146533908 a multiple of 12?
True
Is 3077821229 a multiple of 19?
True
Does 1013 divide 381350380?
False
Is 18 a factor of 121617112?
False
Is 1707881 a multiple of 7?
True
Does 913 divide 686825249?
True
Does 5 divide 10121625?
True
Is 531676 a multiple of 22?
False
Is 382179427 a multiple of 62?
False
Is 32696664 a multiple of 168?
True
Is 4029 a factor of 138953274?
False
Is 516313203 a multiple of 235?
False
Does 24 divide 742663190?
False
Is 172921427 a multiple of 300?
False
Does 55 divide 166375907?
False
Is 69789322 a multiple of 199?
False
Is 2107 a factor of 36244614?
True
Is 370519495 a multiple of 160?
False
Is 64 a factor of 645603978?
False
Is 39695388 a multiple of 149?
True
Is 274 a factor of 756098410?
False
Is 10 a factor of 18376650?
True
Does 21 divide 24025674?
False
Is 246646114 a multiple of 53?
False
Is 19 a factor of 1189614207?
False
Is 557 a factor of 6135355?
True
Is 295 a factor of 130950522?
False
Is 665105480 a multiple of 260?
True
Is 2 a factor of 394553197?
False
Does 210 divide 481688890?
False
Is 43068962 a multiple of 55?
False
Is 625557316 a multiple of 129?
False
Is 219 a factor of 458097018?
False
Does 218 divide 173839654?
False
Does 60 divide 596411400?
True
Is 435 a factor of 45162564?
False
Is 342411102 a multiple of 33?
True
Is 103844736 a multiple of 218?
True
Does 18 divide 12680514?
True
Does 8 divide 24334000?
True
Is 141 a factor of 153908127?
True
Is 1295107912 a multiple of 28?
True
Is 7 a factor of 2438730?
True
Is 6389795 a multiple of 11?
False
Is 164476813 a multiple of 1671?
False
Does 154 divide 29039417?
False
Does 45 divide 101917485?
True
Does 52 divide 1551088032?
True
Is 1304439724 a multiple of 1420?
False
Is 984343408 a multiple of 2550?
False
Is 41 a factor of 289894036?
False
Does 905 divide 21661175?
True
Is 31 a factor of 200020897?
True
Does 75 divide 7922087?
False
Is 333 a factor of 172087740?
True
Is 2698746052 a multiple of 146?
True
Does 1752 divide 69278762?
False
Is 1825487256 a multiple of 83?
False
Does 39 divide 2877616?
False
Does 81 divide 10